 prime factors of b(-2)?
2, 3, 5
Suppose -2 + 4 = -2*d. List the prime factors of (-3 - -12) + d + -1.
7
What are the prime factors of (-24)/(-2)*(-208)/(-64)?
3, 13
Let c = 6 - 2. Let g = 6 - c. List the prime factors of g.
2
Let t(o) = -10*o. Let l be t(-2). Suppose u = -2 + l. What are the prime factors of u?
2, 3
Suppose -d - 2*d + 72 = 0. List the prime factors of d.
2, 3
Suppose -2*x + 5 = 3*i - 3*x, -2*i = -x - 3. Suppose i*z - 8 = 0, -z + 4*z = -d + 28. List the prime factors of d.
2
Let c = -6 + 8. Suppose c - 6 = -j. Suppose 5*w - j = 4*w. List the prime factors of w.
2
Suppose -t - 3*q - 1 - 2 = 0, 0 = 5*t - 2*q - 36. List the prime factors of 1/1 - (t - 18).
13
Let u = -35 - -64. What are the prime factors of u?
29
Let o be -3 - (3 + -2)*-3. Suppose j + 1 + 4 = 4*t, 2*j - 5*t - 2 = o. List the prime factors of j.
11
Suppose 0*x + 3*x - 12 = 0, 5*x + 160 = 3*z. Suppose -2*b - b = -z. Let k = 30 - b. List the prime factors of k.
2, 5
Let b(z) = z**3 + 4*z**2 - 3*z - 2. Let k be b(-5). What are the prime factors of 2/k + (-518)/(-84)?
2, 3
List the prime factors of (-6 - -4) + 1 + 4.
3
Let u(m) = m + 13. Let f be u(-11). What are the prime factors of (22/4)/(1/f)?
11
Let n be 4/6 + 140/(-12). Suppose 3*b - 53 = -5*v, -2*v + 5*v - 78 = -4*b. Let p = n + b. What are the prime factors of p?
2, 5
Let t = 348 + -187. List the prime factors of t.
7, 23
List the prime factors of -1 + (64 - 16/(-4)).
67
Let z(s) = -s**3 + 7*s**2 - 2*s - 12. Let y be (-30)/(4 + -7) + -4. What are the prime factors of z(y)?
2, 3
Let y = 19 - 12. What are the prime factors of y?
7
Suppose -78 = -4*z - 2*z. List the prime factors of z.
13
Let l(n) = 0 + 0*n + n + 2. Let r(y) = -y**3 + 4*y**2 + 3*y - 5. Let k be r(4). List the prime factors of l(k).
3
Let r(h) = h**2 - 11*h + 19. What are the prime factors of r(-14)?
3, 41
Let k(z) = -z**3 - 4*z**2 + 2*z - 1. Let d be k(-3). Let w = d - -32. List the prime factors of w.
2
Let t(z) = -3*z - 3. Let d be t(-3). Suppose 0 = 3*v - d*v + 36. List the prime factors of v.
2, 3
Suppose -2*v + 2 = 8. Let a be v*39/(-9)*1. Suppose -5*c = -a - 27. What are the prime factors of c?
2
Suppose -2*t = -3*t + 3. Suppose -2*l - 3 = 2*f + t*f, 3*l = f + 4. List the prime factors of (f + 2)*2*1.
2
Suppose -3*s = -4*s + 1. Let k be s/4 + 4/(-16). Suppose k*x = 4*x - 84. What are the prime factors of x?
3, 7
Suppose 0*w - 2*w = -8. Suppose t - 12 = -2*t. Suppose f - t = w. What are the prime factors of f?
2
Suppose -5*r = -2*a - 270, 4*r - 148 = r + 4*a. Suppose -6 = 2*w - r. List the prime factors of w.
5
Let j(k) = -k - 1. Let a be j(3). Let z be (a/(-5))/(4/(-90)). Let w = -12 - z. What are the prime factors of w?
2, 3
Let c(y) = y - 3. Let z = -29 + 7. Let a(j) = -5*j + 16. Let x(p) = z*c(p) - 4*a(p). List the prime factors of x(-7).
2
Let x = 8 - 6. Let u be (-1 - (-2)/4)*0. Suppose x*s - s - 9 = u. What are the prime factors of s?
3
Let c = -10 + 16. Suppose -30 = 5*s + 3*p, p - 6*p = -s - c. Let k(l) = -l**3 - 7*l**2 - 8*l - 5. What are the prime factors of k(s)?
7
Let t(n) = 2*n - 9. Let k be t(6). Let h(x) be the first derivative of -x**4/4 + x**3 + x**2 + 4*x + 3. List the prime factors of h(k).
2, 5
Suppose -4*w = 9 - 25. Suppose -32 = -w*x - 4. Let y = x + -1. List the prime factors of y.
2, 3
Suppose 0 = 4*u, -3*l + 2*u + 27 = -0*u. Let p = l + -15. Let w = p - -8. List the prime factors of w.
2
Let s = 7 - 10. Let h = 10 - s. List the prime factors of h.
13
Suppose 8*v = 4*v. Suppose -37 - 31 = -2*b - 5*d, -5*d = v. What are the prime factors of b?
2, 17
Suppose 2*g - 7*g + 20 = 0, -4*g = -4*s + 428. List the prime factors of s.
3, 37
Suppose 4*n = 851 - 87. List the prime factors of n.
191
Suppose 0 = -4*p - 16, -5*b + 4*p - 7*p + 498 = 0. What are the prime factors of b?
2, 3, 17
Suppose 0*r + 36 = 3*r. What are the prime factors of r?
2, 3
Let p be (-1 - 0) + (-2 - -18). Let u = p - 8. What are the prime factors of u?
7
Let d be (-2 + 3 + 36)/1. Let c = -20 + d. What are the prime factors of c?
17
Suppose -12*l + 3*l + 3537 = 0. List the prime factors of l.
3, 131
Let y(h) = h**2 + h + 2. Let t be y(-2). Suppose 0 = 4*i - 3*c - 46, -4*i + t*c = -28 - 20. List the prime factors of i.
2, 5
Suppose -2*q + 6*q = y - 153, 3*y + 2*q - 403 = 0. List the prime factors of y.
137
Let b(y) = -y**3 - 6*y**2 + 3*y + 1. Let r be b(-6). Let t = 55 + r. List the prime factors of t.
2, 19
Let f = 10 + 0. Suppose 0 + f = 5*o + 5*p, -3 = 3*p. Suppose -b = o*b - 24. List the prime factors of b.
2, 3
Let x(n) = -n**2 + 9*n - 1. Let b = 4 + 2. List the prime factors of x(b).
17
Let w(y) = -2*y**2 - 21*y - 2. Let c(k) = k**2 + 7*k + 1. Let g(n) = 11*c(n) + 4*w(n). List the prime factors of g(5).
43
Let z be 6/(0 - 1)*200/(-60). Let r = -14 + 49. Let g = r - z. What are the prime factors of g?
3, 5
Let n = -68 - -135. What are the prime factors of n?
67
List the prime factors of -3*2/(-3)*(15 + -7).
2
Let c be -1 - 1/(-1 + 2). Let h(x) = x**3 - x**2. Let u(f) = 7*f**3 + 2*f. Let a(d) = 4*h(d) - u(d). List the prime factors of a(c).
2, 3
Let x(y) = y**2 - 3*y + 5. Let s be x(2). Suppose a + 17 = 5*v - 13, 2*v + 1 = s*a. What are the prime factors of v?
7
Suppose 173 - 55 = 2*z. What are the prime factors of z?
59
Let d = -15 + 64. What are the prime factors of (3 + d)*(-3)/(-3)?
2, 13
Suppose -2*m = -4*m. Let d(b) be the first derivative of -b**4/4 + b**2/2 + 7*b + 3. List the prime factors of d(m).
7
Let f be (-4)/(-3 - 170/(-58)). Suppose 3*h - f = -4*v, 4 - 12 = 4*h. List the prime factors of v.
2
Let k(d) be the second derivative of d**3/6 - 3*d**2/2 - d. Let j be k(-6). Let v = 13 + j. List the prime factors of v.
2
Suppose 4 = 4*u - 5*r - 27, 2*r = 2*u - 18. What are the prime factors of u?
2, 7
Let o(z) = 2*z**2 + 3*z + 2. Let p be o(-5). Suppose -m - 4*m - 100 = 0. Let w = m + p. List the prime factors of w.
17
Let w = -4 + 6. Suppose 0 = -3*k + w*k + 18. Suppose -2*j + 22 = 5*g - g, 2*j + 3*g = k. What are the prime factors of j?
3
Let m be (-1 - 0 - -2) + 1. Suppose -r + 3*t - 11 = -4, 5*r - 4 = 2*t. Suppose -3*w - 5*n = -w + 9, 0 = m*w - r*n - 26. List the prime factors of w.
2
What are the prime factors of ((-7)/14)/((-2)/792)?
2, 3, 11
List the prime factors of ((-60)/(-35))/(6/231).
2, 3, 11
Suppose 1 = -o - 3. List the prime factors of 304/72 + o/18.
2
Suppose -q + 7 = r, 5*q - 6 - 19 = 0. Let a be 1 + r + -1 + 6. Suppose 2*k - a = -2. List the prime factors of k.
3
Suppose 4*p - 7 - 1 = 0. Suppose -5*i + 19 = -p*d, d = 3*i - 4*d. Suppose i*a - 3*a = 8. List the prime factors of a.
2
Suppose 5*s + 4*d = 35, 0*d - 10 = 2*d. Suppose 5*j - s = -3*a + 10, 0 = -a - j + 9. List the prime factors of a.
2, 3
Suppose -3*u - 2*g = g + 27, 19 = -3*u - g. Let k(j) = -j**2 - 10*j - 5. Let w be k(u). Suppose a - 3*a = -w. What are the prime factors of a?
2, 5
Let a = -10 - -12. What are the prime factors of 6*a/(-4) + 26?
23
Let m = 16 - -1. What are the prime factors of m?
17
Suppose -4*w + 43 = -3*w. What are the prime factors of w?
43
Let r be (-7 - 59)*(-1)/3. What are the prime factors of 1/((-3 + 4)/r)?
2, 11
Let y(v) = v**3 - 12*v**2 + 2*v + 2. List the prime factors of y(12).
2, 13
Suppose 3*x - 82 = 4*m, -7*m + 15 = -4*m. What are the prime factors of x?
2, 17
Let f(i) = 4*i - 4. Let z be f(-5). Let u = 12 + z. Let l = -7 - u. What are the prime factors of l?
5
Let k = -165 + 292. List the prime factors of k.
127
Suppose 466 + 33 = 3*z - x, -z + 4*x = -181. List the prime factors of z.
3, 5, 11
Suppose -20 = -9*g + 4*g. List the prime factors of g.
2
Suppose 2*z = -z - 12. Let r be (-7)/z - 1/(-4). Suppose 0 = a + 3*q + 2, 2*a + a - r*q - 16 = 0. What are the prime factors of a?
2
List the prime factors of (9/6)/(15/40).
2
Let r = -48 - -27. Let u = r - -58. Suppose 4*c - u = -3*w, -c = -w + 2*c + 21. List the prime factors of w.
3, 5
Let f be -1*3*54/(-3). Let o be ((-4)/12)/((-2)/f). List the prime factors of 4/2 - o/(-3).
5
Suppose -a = 2*c - 5*c - 3, -2*a + 6 = -2*c. Suppose c = 5*h - 3*h - 8. What are the prime factors of h?
2
Suppose -3*m + 160 = m + 3*r, 0 = 3*r. Let a = m - 6. List the prime factors of a.
2, 17
Suppose 0 = -5*c + 25 - 70. Let o be ((-3)/6)/(2/4). What are the prime factors of (12/c - o)*-57?
19
Let c = -3